 p(9). Let g be x/((-8)/6) + -1. What is the highest common factor of 22 and g?
2
Let n = 105 + -67. Let b = n - 3. Let l be 1/1 + 14 - 1. Calculate the highest common factor of l and b.
7
Suppose 0 = 5*q + 3*f - 18, -2*q + 2 = -f - 3. Let s be 43/2 + 9/(-18). What is the highest common factor of s and q?
3
Let w = 2 + 7. What is the highest common divisor of w and 27?
9
Suppose -3*l + 416 = -5*p, 0*l + l + 5*p - 112 = 0. Calculate the highest common factor of l and 12.
12
Let f(p) = -8*p - 4. Let o be f(-4). Suppose -7*i = -3*i + 196. Let c = -7 - i. Calculate the highest common divisor of c and o.
14
Let v(d) = d**2 - 4*d - 11. Let m be v(7). What is the greatest common factor of m and 40?
10
Let z(l) = -7*l + 44. Let v be z(6). Calculate the greatest common factor of 8 and v.
2
Let d be 1 + -4 + -8 + 16. Let x = 20 - -15. What is the greatest common divisor of d and x?
5
Suppose 2*a - 2*q = -0*a - 6, -3*a - 11 = -5*q. Let b be 286/8 - a/8. What is the highest common factor of b and 12?
12
Suppose -3*z + 187 + 29 = 0. What is the highest common factor of z and 54?
18
Let z(n) = 3*n**2 - 8*n - 6. Let b be z(7). Let s(l) = -2*l**3 + 0*l - l + 2*l**3 - 4*l**3. Let f be s(-2). Calculate the highest common factor of f and b.
17
Let l = -27 - -38. What is the highest common divisor of 11 and l?
11
Suppose m - 221 = 4*l, 2*m - 2*l - 1123 = -3*m. Calculate the greatest common divisor of m and 25.
25
Suppose -2*p - 3*p = 20. Let n be -4*1*(-2)/(-4). Let q be n/p + (-141)/(-6). What is the greatest common divisor of q and 12?
12
Let t = 3 - -11. Suppose 6*h - h + 4*n = 259, 3*n = 2*h - 122. Suppose -q = 4*c - 33, -5*c - 4*q + 0*q = -h. Calculate the greatest common factor of t and c.
7
Let t(q) = q**2 + 7*q + 9. Let k be t(-6). Suppose -4*d + 3*n + 0*n = 0, k*d + 2*n - 17 = 0. Calculate the greatest common divisor of 9 and d.
3
Suppose -4*m + 12 = -3*m. Calculate the highest common divisor of m and 20.
4
Suppose -s + 44 = 4*z, -4*s + 1 + 7 = 2*z. Let x(n) = n**2 - 1. Let b be x(-2). Suppose 0 = b*i - 6. What is the highest common divisor of i and z?
2
Suppose 0*a = -3*a + 66. Suppose -4 = -o - o. Suppose m + 5*l = 45, 0 = 5*m - o*l + 4*l - 271. What is the highest common divisor of m and a?
11
Let z be (5 - 1) + (-1 - -1). Suppose o = 3, -g + o - 4 = -3. Let d be z/g - -17 - -1. What is the highest common divisor of 50 and d?
10
Let t be (120/(-70))/(4/98). Let o be (-2)/12 - 133/t. Calculate the greatest common divisor of o and 21.
3
Let y(v) = 5*v**2. Let u be y(1). Suppose u = -k + 1. Let t be 1*(2 - k)/2. What is the greatest common factor of t and 33?
3
Suppose 8*r = -4*r + 4224. Calculate the greatest common divisor of 32 and r.
32
Let r(b) = 3*b - b**3 - 5*b - 6*b**2 - 4*b. Let d be r(-4). Let o be (6/d)/(2/(-8)). What is the greatest common factor of 27 and o?
3
Let w(z) = -3*z + 3. Let m be w(-6). Suppose 3*q - 9 = 2*b, 3*q = -0*q - 4*b + 9. What is the greatest common divisor of m and q?
3
Let k = 3 - 5. Let h be 1 + 0 - -1 - k. Suppose 2*g - 3*c - 17 - 28 = 0, 25 = 3*g + h*c. Calculate the greatest common factor of 60 and g.
15
Let q be 16/((-10)/(-55) - 0). Calculate the greatest common divisor of 11 and q.
11
Suppose -126 = w - 4*w. Suppose d = -d + w. Suppose 3*c - j - 19 = 0, 2*j + 0 = c - 3. Calculate the greatest common divisor of d and c.
7
Let d(u) = u**3 + 6*u**2 - 10*u - 8. Let l be d(-7). Let k be (4 + 0)*234/8. Calculate the highest common factor of l and k.
13
Let x(c) be the second derivative of -1/6*c**3 + 5/6*c**4 + c - c**2 + 0. Let h be x(-3). What is the highest common divisor of 13 and h?
13
Let g = -29 - -37. Calculate the highest common factor of g and 32.
8
Suppose 0 = -5*z - 5 + 30. Suppose -4*o + 12 + 32 = 4*b, z*b + 2*o = 61. What is the highest common factor of b and 91?
13
Suppose -13*j + 111 + 162 = 0. Suppose -3*b - 4*t = -30, t = -3*t - 12. Calculate the greatest common factor of b and j.
7
Let v be (4 + -13)/(0 + -1). Suppose -v*p = -10*p + 7. What is the greatest common factor of 77 and p?
7
Let c(a) = -5*a + 1. Let x be c(-1). Let q = x + 8. What is the greatest common factor of q and 42?
14
Let x(r) = -6*r - 6. Let z be x(-4). Suppose 0 = -j - 0*j + z. Calculate the highest common divisor of j and 12.
6
Suppose 156 = 3*h - 4*i, 5*h - 165 = 2*h + i. Let f = 5 + 3. What is the highest common divisor of f and h?
8
Suppose 0 = 4*c - 8 - 4. Let b be (4 - 2)/(c/45). Let s = b + -19. Calculate the greatest common divisor of 33 and s.
11
Suppose -56 = -5*d + 2*z, 2*d + z = 6 + 20. What is the highest common factor of d and 24?
12
Let y be 1 + -2 - (-1 - 2). Suppose -r - 159 = -5*s, 4*s - 51 - 81 = y*r. Let v = 44 - s. Calculate the highest common divisor of 91 and v.
13
Suppose 4*h = 6*h - q - 44, -88 = -3*h - 4*q. What is the greatest common factor of 36 and h?
12
Let u be (-294)/35 - 2/(-5). Let c be (-1 + 3)*(-72)/u. What is the greatest common divisor of 126 and c?
18
Suppose -17 = 4*u - 3*u. Let b(q) = -q**2 - 18*q + 3. Let m be b(u). What is the greatest common factor of m and 30?
10
Suppose -h + 8 = h. Calculate the greatest common divisor of 44 and h.
4
Let y be (4*-1)/(20/(-350)). What is the greatest common divisor of 28 and y?
14
Let f(a) = 12*a**2 - 2*a. Let c(w) = w**3 + 5*w**2 + 5*w + 6. Let s be c(-4). Let l be f(s). Calculate the greatest common divisor of 11 and l.
11
Suppose -2 + 0 = j, 5*k - j - 272 = 0. What is the highest common divisor of k and 18?
18
Suppose 3*d + 14 = o - 8, d = 5*o - 54. What is the greatest common factor of o and 20?
10
Suppose 2*v + 0*v - 144 = -4*u, 0 = -5*v. Suppose -6*h = -4*h - u. Calculate the highest common divisor of h and 2.
2
Let m(c) = c**3 + c**2 + c + 1. Let b(a) = -a - 6. Let q be b(-6). Let g be m(q). Let x be -2 - (g + 0 - 21). What is the greatest common factor of 27 and x?
9
Let v = 207 + -42. What is the highest common divisor of v and 33?
33
Let n be (-854)/(-10) - 16/40. Calculate the greatest common factor of n and 34.
17
Suppose -96 = 3*p + 198. Let h = -56 - p. What is the highest common factor of 105 and h?
21
Let x be (-78)/(-2 - (-5)/4). Let q = 2 - -11. What is the greatest common divisor of x and q?
13
Let c = -14 - -4. Let u be (-12)/(1 - c/(-4)). Suppose -5*w + 126 = 2*f, -4*w + 21 = -f - 72. Calculate the greatest common factor of w and u.
8
Suppose -u - u = -40. Let m be 3/((-6)/u*-1). What is the greatest common divisor of m and 20?
10
Let d = -19 - -37. Suppose -d = -w - 3*r, 2*w + 0*r - 5*r = -8. Calculate the highest common divisor of 30 and w.
6
Suppose -m - 2*k + 66 = 0, -3*m - k - 177 = -6*m. Let f = -36 + m. Calculate the highest common divisor of f and 36.
12
Suppose -n = 2*j + 5, j - 20 = 4*n - 9*n. Suppose 5*o - 3 = -13. Let c be (j/o)/((-3)/(-78)). What is the highest common factor of c and 26?
13
Suppose -3*i + 7*i - 8 = -5*d, -3*i + 4*d = -37. What is the greatest common factor of i and 70?
7
Let u(q) = -4*q**2 + q. Let k be u(-2). Let o = -6 - k. Let d(l) = -2*l - 18. Let j be d(-13). What is the highest common divisor of j and o?
4
Let x = 100 + -52. Suppose -o = 5*l - 35, o - 4*o = -2*l - 3. What is the greatest common factor of l and x?
6
Let u be (4 - 52)*1/(4/(-55)). Calculate the greatest common divisor of u and 60.
60
Let b(y) = 51*y**2 - y - 2. Let q be b(-1). Let r be 1 + 0 + -2 - 4. Let m be (4/(-5))/(r/q). What is the greatest common factor of m and 24?
8
Suppose 11*h + 6 = 8*h. Let c be 4*h/4*-2. What is the greatest common factor of c and 2?
2
Let b = -34 - -4. Let q be (108/b)/((-2)/5). Let g be (-35)/(-2) + 3/6. What is the highest common factor of q and g?
9
Suppose 3*f + 2 = 5*f. Let u be f*32 - (-3)/1. Calculate the highest common divisor of u and 7.
7
Let z(s) = s**2 + 3*s - 1. Let q be z(-5). Let k = q + -61. Let h be 1 + -3 - (k + 2). Calculate the greatest common divisor of h and 6.
6
Let v be (-1)/2 - 105/(-2). Let m(o) be the first derivative of -o**2/2 + 4*o - 1. Let c be m(-9). What is the greatest common divisor of v and c?
13
Suppose 3*w - q - 72 - 109 = 0, 4*w + 4*q = 236. Calculate the highest common factor of w and 40.
20
Let b = 15 - 10. Calculate the greatest common factor of b and 40.
5
Let m(b) = -20*b. Let j be m(-1). What is the greatest common factor of 60 and j?
20
Let j(i) = -i + 